{"id":661,"date":"2024-06-26T17:07:24","date_gmt":"2024-06-26T17:07:24","guid":{"rendered":"http:\/\/localhost\/wordpress\/?post_type=product&#038;p=661"},"modified":"2024-06-27T11:53:19","modified_gmt":"2024-06-27T11:53:19","slug":"sikaproof-membrane-20kg","status":"publish","type":"product","link":"http:\/\/www.chongthamtruongson.vn\/?product=sikaproof-membrane-20kg","title":{"rendered":"Sikaproof Membrane &#8211; 20kg"},"content":{"rendered":"<h2><strong>C\u00c1C \u1ee8NG D\u1ee4NG C\u1ee6A SIKAPROOF MEMBRANE\u00a0<\/strong><\/h2>\n<p>D\u00f9ng l\u00e0m l\u1edbp ph\u1ee7 ch\u1ed1ng th\u1ea5m cho m\u1eb7t ngo\u00e0i c\u1ee7a:<\/p>\n<ul>\n<li>L\u1edbp ch\u1ed1ng th\u1ea5m cho c\u00e1c k\u1ebft c\u1ea5u b\u00ean d\u01b0\u1edbi l\u00f2ng \u0111\u1ea5t cho c\u00e1c b\u1ec1 m\u1eb7t b\u00ea t\u00f4ng v\u00e0 v\u1eefa tr\u00e1t<\/li>\n<li>S\u00e0n m\u00e1i ph\u1eb3ng, ban c\u00f4ng, t\u1ea7ng h\u1ea7m<\/li>\n<li>Ch\u1ed1ng th\u1ea5m cho t\u01b0\u1eddng<\/li>\n<\/ul>\n<p>&nbsp;<\/p>\n<h2><strong>\u01afU \u0110I\u1ec2M C\u1ee6A SIKAPROOF MEMBRANE\u00a0<\/strong><\/h2>\n<ul>\n<li>D\u1ec5 thi c\u00f4ng b\u1eb1ng ch\u1ed5i hay b\u00ecnh phun<\/li>\n<li>Kh\u00f4 nhanh, t\u1ea1o th\u00e0nh m\u1ed9t l\u1edbp ph\u1ee7 b\u1ec1n v\u00e0 linh ho\u1ea1t<\/li>\n<li>\u0110\u1eb7c t\u00ednh k\u1ebft d\u00ednh tuy\u1ec7t h\u1ea3o v\u00e0 l\u1ea5p k\u00edn c\u00e1c v\u1ebft n\u1ee9t<\/li>\n<li>\u0110\u01b0\u1ee3c li\u00ean k\u1ebft \u0111\u1ec3 s\u1eed d\u1ee5ng tr\u00ean c\u00e1c k\u1ebft c\u1ea5u c\u0169 v\u00e0 m\u1edbi<\/li>\n<li>Kh\u00f4ng ch\u1ee9a dung m\u00f4i<\/li>\n<li>Kh\u00f4ng m\u00f9i v\u00e0 kh\u00f4ng b\u1ecb d\u00ednh tay<\/li>\n<\/ul>\n<h2><strong>TH\u00d4NG TIN V\u1ec0 S\u1ea2N PH\u1ea8M SIKAPROOF MEMBRANE\u00a0<\/strong><\/h2>\n<ul>\n<li>D\u1ea1ng\/M\u00e0u: l\u1ecfng, \u0111\u1eb7c\/\u0111en (khi \u0111\u00e3 kh\u00f4)<\/li>\n<li>\u0110\u00f3ng g\u00f3i: 18 kg \/ 1 th\u00f9ng<\/li>\n<li>L\u01b0u tr\u1eef: n\u01a1i kh\u00f4 m\u00e1t, c\u00f3 b\u00f3ng r\u00e2m (nhi\u1ec7t \u0111\u1ed9 l\u01b0u tr\u1eef +5<sup>0<\/sup>C \u0111\u1ebfn 35<sup>0<\/sup>C )<\/li>\n<li>Th\u1eddi h\u1ea1n s\u1eed d\u1ee5ng: t\u1ed1i thi\u1ec3u 12 th\u00e1ng n\u1ebfu l\u01b0u tr\u1eef \u0111\u00fang c\u00e1ch trong bao b\u00ec nguy\u00ean ch\u01b0a m\u1edf.<\/li>\n<\/ul>\n<h2><strong>TH\u00d4NG S\u1ed0 K\u1ef8 THU\u1eacT C\u1ee6A S\u1ea2N PH\u1ea8M SIKAPROOF MEMBRANE\u00a0<\/strong><\/h2>\n<ul>\n<li>Kh\u1ed1i l\u01b0\u1ee3ng th\u1ec3 t\u00edch: 1 kg \/ 1 l\u00edt<\/li>\n<li>H\u00e0m l\u01b0\u1ee3ng r\u1eafn: 53 &#8211; 58%<\/li>\n<li>\u0110\u1ecbnh m\u1ee9c ti\u00eau th\u1ee5 c\u1ee7a Sikaproof Membrane<\/li>\n<\/ul>\n<p>&#8211; L\u1edbp l\u00f3t: 0.2 &#8211; 0.3 kg\/m<sup>2<\/sup><\/p>\n<p>&#8211; L\u1edbp ph\u1ee7: 0.6 kg\/m<sup>2<\/sup>\u00a0m\u1ed7i l\u1edbp (2 kg\/m<sup>2<\/sup>\u00a0cho \u0111\u1ed9 d\u00e0y ~ 1.1 mm sau khi kh\u00f4)<\/p>\n<ul>\n<li>Kh\u00f4: kho\u1ea3ng 60 ph\u00fat cho \u0111\u1ebfn khi kh\u00f4 m\u1eb7t v\u00e0 4 gi\u1edd cho \u0111\u1ebfn khi kh\u00f4 (\u0111\u1ed9 d\u00e0y khi \u01b0\u1edbt 0.6 mm, 30<sup>o<\/sup>C, \u0111\u1ed9 \u1ea9m m\u00f4i tr\u01b0\u1eddng 80%)<\/li>\n<li>\u0110\u1eb7c t\u00ednh ch\u1ecbu k\u00e9o: c\u01b0\u1eddng \u0111\u1ed9 ch\u1ecbu k\u00e9o 1N\/mm<sup>2<\/sup><\/li>\n<li>\u0110\u1ed9 gi\u00e3n d\u00e0i c\u1ef1c \u0111\u1ea1i: 600% (ASTM-D-412)<\/li>\n<li>\u0110\u1ed9 c\u1ee9ng Shore A: 20 &#8211; 25 (ASTM-D-2240)<\/li>\n<li>T\u00ednh linh ho\u1ea1t \u1edf nhi\u1ec7t \u0111\u1ed9 th\u1ea5p: \u0111\u1ea1t ti\u00eau chu\u1ea9n \u1edf nhi\u1ec7t \u0111\u1ed9 4<sup>o<\/sup>C\u00a0 (ASTM-D-430)<\/li>\n<li>Kh\u00e1ng l\u1eeda:<\/li>\n<\/ul>\n<p>&#8211; \u01af\u1edbt: kh\u00f4ng d\u1ec5 ch\u00e1y<\/p>\n<p>&#8211; Kh\u00f4: ng\u1ecdn l\u1eeda s\u1ebd kh\u00f4ng b\u1ecb lan t\u1ecfa<\/p>\n<ul>\n<li>Kh\u00e1ng h\u00f3a ch\u1ea5t: kh\u00e1ng n\u01b0\u1edbc, h\u1ea7u h\u1ebft c\u00e1c dung d\u1ecbch mu\u1ed1i v\u00e0 axit v\u00e0 ki\u1ec1m nh\u1eb9<\/li>\n<li>Nhi\u1ec7t \u0111\u1ed9:<\/li>\n<\/ul>\n<p>&#8211; Thi c\u00f4ng: t\u1eeb +5<sup>o<\/sup>C \u0111\u1ebfn +40<sup>o<\/sup>C<\/p>\n<p>&#8211; S\u1eed d\u1ee5ng: 0<sup>o<\/sup>C \u0111\u1ebfn 60<sup>o<\/sup>C<\/p>\n<h2><strong>H\u01af\u1edaNG D\u1eaaN THI C\u00d4NG SIKAPROOF MEMBRANE\u00a0<\/strong><\/h2>\n<p><u><strong>Chu\u1ea9n b\u1ecb b\u1ec1 m\u1eb7t n\u1ec1n<\/strong><\/u><\/p>\n<p>B\u1ec1 m\u1eb7t n\u1ec1n ph\u1ea3i s\u1ea1ch, \u0111\u1eb7c ch\u1eafc v\u00e0 kh\u00f4ng \u0111\u1ecdng n\u01b0\u1edbc v\u00e0 kh\u00f4ng b\u1ecb nhi\u1ec5m c\u00e1c ch\u1ea5t l\u00e0m b\u1ea9n b\u1ec1 m\u1eb7t nh\u01b0 d\u1ea7u nh\u1eddn, h\u1ee3p ch\u1ea5t b\u00e3o d\u01b0\u1ee1ng v\u00e0 b\u1ee5i b\u1ec1 m\u1eb7t.<\/p>\n<p><u><strong>L\u1edbp l\u00f3t ch\u1ed1ng th\u1ea5m<\/strong><\/u><\/p>\n<ul>\n<li>Th\u00eam 20 &#8211; 50% n\u01b0\u1edbc v\u00e0o Sikaproof Membrane v\u00e0 tr\u1ed9n \u0111\u1ec1u.<\/li>\n<li>D\u00f9ng c\u1ecd\u00a0hay b\u00ecnh\u00a0phun ph\u1ee7 m\u1ed9t l\u1edbp l\u00f3t l\u00ean b\u1ec1 m\u1eb7t.<\/li>\n<li>\u0110\u1ec3 cho l\u1edbp l\u00f3t n\u00e0y kh\u00f4 ho\u00e0n to\u00e0n tr\u01b0\u1edbc khi thi c\u00f4ng c\u00e1c l\u1edbp ti\u1ebfp theo.<\/li>\n<li>Trong tr\u01b0\u1eddng h\u1ee3p n\u1ec1n x\u1ed1p v\u00e0 c\u00f3 \u0111\u1ed9 th\u1ea9m th\u1ea5u cao, ph\u1ea3i l\u00e0m \u01b0\u1edbt b\u1ec1 m\u1eb7t tr\u01b0\u1edbc. Tr\u00e1nh \u0111\u1ec3 \u0111\u1ecdng n\u01b0\u1edbc.<\/li>\n<li>\u1ede nh\u1eefng v\u1ecb tr\u00ed y\u1ebfu ho\u1eb7c b\u1ec1 m\u1eb7t c\u00f3 v\u1ebft n\u1ee9t th\u00ec n\u00ean k\u1ebft h\u1ee3p v\u1edbi\u00a0<b>l\u01b0\u1edbi th\u1ee7y tinh ch\u1ed1ng th\u1ea5m ch\u1ed1ng n\u1ee9t<\/b>\u00a0\u0111\u1ec3 \u0111\u1ea1t hi\u1ec7u qu\u1ea3 cao nh\u1ea5t<\/li>\n<\/ul>\n<p><u><strong>Thi c\u00f4ng<\/strong><\/u><\/p>\n<ul>\n<li>Thi c\u00f4ng ch\u1ed1ng th\u1ea5m Sikaproof Membrane l\u00ean b\u1ec1 m\u1eb7t s\u1ea1ch v\u00e0 \u0111\u00e3 \u0111\u01b0\u1ee3c qu\u00e9t l\u00f3t b\u1eb1ng c\u1ecd\u00a0ho\u1eb7c b\u00ecnh\u00a0phun.<\/li>\n<li>Khi phun l\u00ean m\u1eb7t t\u01b0\u1eddng ngo\u00e0i b\u00ean d\u01b0\u1edbi l\u00f2ng \u0111\u1ea5t, ph\u1ea3i b\u1ea3o \u0111\u1ea3m b\u1ec1 m\u1eb7t \u0111\u01b0\u1ee3c ph\u1ee7 m\u1ed9t l\u1edbp d\u00e0y \u0111\u1ec1u v\u00e0 kh\u00f4ng c\u00f2n c\u00e1c l\u1ed7 kim.<\/li>\n<li>\u0110\u1ec3 ch\u1ed1ng th\u1ea5m n\u00ean thi c\u00f4ng 3 l\u1edbp.<\/li>\n<li>Ch\u1edd c\u00e1c l\u1edbp kh\u00f4 m\u1eb7t tr\u01b0\u1edbc khi thi c\u00f4ng c\u00e1c l\u1edbp k\u1ebf ti\u1ebfp<\/li>\n<\/ul>\n<p><u><strong>V\u1ec7 sinh<\/strong><\/u><\/p>\n<p>R\u1eeda s\u1ea1ch tay v\u00e0 d\u1ee5ng c\u1ee5 thi c\u00f4ng ch\u1ed1ng th\u1ea5m b\u1eb1ng n\u01b0\u1edbc l\u1ea1nh khi s\u1ea3n ph\u1ea9m c\u00f2n \u01b0\u1edbt v\u00e0 d\u00f9ng d\u1ea7u h\u1ecfa ho\u1eb7c dung m\u00f4i\u00a0khi s\u1ea3n ph\u1ea9m \u0111\u00e3 kh\u00f4 \u0111\u1ec3 v\u1ec7 sinh<\/p>\n<p><u><strong>L\u01b0u \u00fd thi c\u00f4ng ch\u1ed1ng th\u1ea5m v\u00e0 gi\u1edbi h\u1ea1n<\/strong><\/u><\/p>\n<ul>\n<li>V\u00ec Sikaproof Membrane\u00a0<strong>kh\u00f4ng kh\u00e1ng tia t\u1eed ngo\u1ea1i<\/strong>\u00a0trong th\u1eddi gian d\u00e0i n\u00ean c\u00e1c b\u1ec1 m\u1eb7t l\u1ed9 thi\u00ean (nh\u01b0 m\u00e1i ph\u1eb3ng, t\u01b0\u1eddng \u0111\u1ee9ng hay m\u1eb7t ngo\u00e0i th\u00e0nh b\u1ec3)\u00a0<strong>ph\u1ea3i \u0111\u01b0\u1ee3c b\u1ea3o v\u1ec7 nh\u01b0 s\u01a1n ch\u1ecbu nhi\u1ec7t ph\u1ea3n quang ho\u1eb7c v\u1eefa tr\u00e1t b\u1ea3o v\u1ec7<\/strong><\/li>\n<li>Kh\u00f4ng s\u1eed d\u1ee5ng s\u1ea3n ph\u1ea9m l\u00e0m b\u1ec1 m\u1eb7t ch\u1ecbu s\u1ef1 \u0111i l\u1ea1i tr\u1ef1c ti\u1ebfp<\/li>\n<li>Kh\u00f4ng \u0111\u01b0\u1ee3c pha lo\u00e3ng v\u1edbi dung m\u00f4i<\/li>\n<li>Khi \u0111\u00e3 m\u1edf th\u00f9ng n\u00ean s\u1eed d\u1ee5ng h\u1ebft s\u1ea3n ph\u1ea9m<\/li>\n<\/ul>\n<p>&nbsp;<\/p>\n","protected":false},"excerpt":{"rendered":"<h2><strong>M\u00d4 T\u1ea2 V\u1ec0 SIKAPROOF MEMBRANE\u00a0<\/strong><\/h2>\n<p>Sikaproof Membrane l\u00e0 m\u00e0ng l\u1ecfng ch\u1ed1ng th\u1ea5m bitum polyme c\u1ea3i ti\u1ebfn g\u1ed1c n\u01b0\u1edbc, m\u1ed9t th\u00e0nh ph\u1ea7n, thi c\u00f4ng ngu\u1ed9i \u0111\u1ec3 ch\u1ed1ng th\u1ea5m t\u01b0\u1eddng, s\u00e0n m\u00e1i, ban c\u00f4ng, t\u1ea7ng h\u1ea7m v\u00e0 k\u1ebft c\u1ea5u trong l\u00f2ng \u0111\u1ea5t.<\/p>\n","protected":false},"featured_media":682,"comment_status":"open","ping_status":"closed","template":"","meta":[],"product_cat":[72],"product_tag":[],"class_list":{"0":"post-661","1":"product","2":"type-product","3":"status-publish","4":"has-post-thumbnail","6":"product_cat-sika","8":"first","9":"instock","10":"shipping-taxable","11":"product-type-simple"},"_links":{"self":[{"href":"http:\/\/www.chongthamtruongson.vn\/index.php?rest_route=\/wp\/v2\/product\/661","targetHints":{"allow":["GET"]}}],"collection":[{"href":"http:\/\/www.chongthamtruongson.vn\/index.php?rest_route=\/wp\/v2\/product"}],"about":[{"href":"http:\/\/www.chongthamtruongson.vn\/index.php?rest_route=\/wp\/v2\/types\/product"}],"replies":[{"embeddable":true,"href":"http:\/\/www.chongthamtruongson.vn\/index.php?rest_route=%2Fwp%2Fv2%2Fcomments&post=661"}],"wp:featuredmedia":[{"embeddable":true,"href":"http:\/\/www.chongthamtruongson.vn\/index.php?rest_route=\/wp\/v2\/media\/682"}],"wp:attachment":[{"href":"http:\/\/www.chongthamtruongson.vn\/index.php?rest_route=%2Fwp%2Fv2%2Fmedia&parent=661"}],"wp:term":[{"taxonomy":"product_cat","embeddable":true,"href":"http:\/\/www.chongthamtruongson.vn\/index.php?rest_route=%2Fwp%2Fv2%2Fproduct_cat&post=661"},{"taxonomy":"product_tag","embeddable":true,"href":"http:\/\/www.chongthamtruongson.vn\/index.php?rest_route=%2Fwp%2Fv2%2Fproduct_tag&post=661"}],"curies":[{"name":"wp","href":"https:\/\/api.w.org\/{rel}","templated":true}]}}