{"id":465,"date":"2024-06-20T17:02:07","date_gmt":"2024-06-20T17:02:07","guid":{"rendered":"http:\/\/localhost\/wordpress\/?post_type=product&#038;p=465"},"modified":"2024-06-20T17:02:08","modified_gmt":"2024-06-20T17:02:08","slug":"quicseal-104s-chong-tham-goc-xi-mang-hai-thanh-phan","status":"publish","type":"product","link":"http:\/\/www.chongthamtruongson.vn\/?product=quicseal-104s-chong-tham-goc-xi-mang-hai-thanh-phan","title":{"rendered":"Quicseal 104s &#8211; Ch\u1ed1ng Th\u1ea5m G\u1ed1c Xi M\u0103ng Hai Th\u00e0nh Ph\u1ea7n"},"content":{"rendered":"<p><strong>Quicseal 104s<\/strong>\u00a0l\u00e0 s\u1ea3n ph\u1ea9m\u00a0<strong>m\u00e0ng ch\u1ed1ng th\u1ea5m g\u1ed1c xi m\u0103ng hai th\u00e0nh ph\u1ea7n<\/strong><a href=\"http:\/\/chongthamsontinh.com.vn\/san-pham\/quicseal-104s-chong-tham-goc-xi-mang-hai-thanh-phan-90.html\" target=\"_blank\" rel=\"noopener\">\u00a0<\/a>bao g\u1ed3m nh\u1ef1a t\u1ed5ng h\u1ee3p pha tr\u1ed9n v\u1edbi h\u1ed7n h\u1ee3p xi m\u0103ng \u0111\u01b0\u1ee3c ch\u1ecdn l\u1ecdc v\u00e0 c\u00e1c ch\u1ea5t ph\u1ee5 gia cao c\u1ea5p kh\u00e1c. Khi \u0111\u01b0\u1ee3c tr\u1ed9n,\u00a0<strong>quicseal 104s<\/strong>\u00a0tr\u1edf th\u00e0nh h\u1ed7n h\u1ee3p v\u1eefa m\u1ecbn v\u00e0 d\u1ec5\u00a0d\u00e0ng thi c\u00f4ng b\u1eb1ng c\u1ecd, ru l\u00f4 ho\u1eb7c c\u00e1c thi\u1ebft b\u1ecb phun ph\u00f9 h\u1ee3p.<\/p>\n<h2>S\u1ea3n ph\u1ea9m l\u00e0\u00a0<strong>ch\u1ed1ng th\u1ea5m g\u1ed1c xi m\u0103ng 2 th\u00e0nh ph\u1ea7n<\/strong>\u00a0n\u00ean c\u00f3 th\u1ec3 thi c\u00f4ng tr\u00ean b\u1ec1 m\u1eb7t n\u1ec1n \u1ea9m. M\u00e0ng sau khi \u0111\u00f3ng r\u1eafn d\u1ebbo, b\u1ec1n v\u00e0 c\u00f3 \u0111\u1ed9 b\u00e1m d\u00ednh t\u1ed1t tr\u00ean h\u1ea7u h\u1ebft b\u1ec1 m\u1eb7t n\u1ec1n x\u00e2y d\u1ef1ng. C\u1ea5u tr\u00fac h\u00f3a h\u1ecdc \u0111\u1ed3ng nh\u1ea5t c\u1ee7a n\u00f3 t\u1ea1o th\u00e0nh l\u1edbp m\u00e0ng tho\u00e1ng kh\u00ed cho ph\u00e9p b\u1ed1c h\u01a1i n\u01b0\u1edbc v\u00e0 kh\u00f4ng th\u1ea5m n\u01b0\u1edbc.\u00a0<strong>Quicseal 104s<\/strong>\u00a0c\u00f3 kh\u1ea3 n\u0103ng ph\u1ee7 qua c\u00e1c v\u1ebft n\u1ee9t.<\/h2>\n<p><strong>\u1ee8ng d\u1ee5ng<\/strong><\/p>\n<ul>\n<li>Ch\u1ed1ng th\u1ea5m cho t\u01b0\u1eddng t\u1ea7ng h\u1ea7m v\u00e0 h\u1ed1 thang m\u00e1y.<\/li>\n<li>Ch\u1ed1ng th\u1ea5m c\u00e1c b\u1ec3 ch\u1ee9a n\u01b0\u1edbc, h\u1ed3 ch\u1ee9a, c\u1ed1ng th\u1ea3i, r\u00e3nh tho\u00e1t n\u01b0\u1edbc m\u01b0a, r\u00e3nh d\u1eabn n\u01b0\u1edbc, nh\u1eefng k\u1ebft c\u1ea5u ch\u1ee9a n\u01b0\u1edbc v\u00e0 gi\u1eef n\u01b0\u1edbc.<\/li>\n<li>Ch\u1ed1ng th\u1ea5m khu v\u1ef1c nh\u00e0 b\u1ebfp v\u00e0 nh\u00e0 v\u1ec7 sinh.<\/li>\n<li>Ch\u1ed1ng th\u1ea5m ban c\u00f4ng, b\u1ed3n hoa, m\u00e1i nh\u00e0&#8230;<\/li>\n<li>B\u1ea3o v\u1ec7 k\u1ebft c\u1ea5u b\u00ea t\u00f4ng trong m\u00f4i tr\u01b0\u1eddng bi\u1ec3n.<\/li>\n<li>Ch\u1ed1ng th\u1ea5m h\u1ed3 b\u01a1i v\u00e0 h\u1ed3 chuy\u00ean d\u1ee5ng.<\/li>\n<li>Ch\u1ed1ng th\u1ea5m t\u01b0\u1eddng \u0111\u1ea7u h\u1ed3i \u0111\u00fac s\u1eb5n.<\/li>\n<li>Ch\u1ed1ng th\u1ea5m t\u01b0\u1eddng ngo\u00e0i tr\u01b0\u1edbc khi s\u01a1n ho\u00e0n thi\u1ec7n kh\u00e1c.<\/li>\n<\/ul>\n<p><strong>\u01afu \u0111i\u1ec3m<\/strong><\/p>\n<ul>\n<li>Th\u1eddi gian \u0111\u00f3ng r\u1eafn nhanh.<\/li>\n<li>V\u1eadt li\u1ec7u \u0111\u00f3ng g\u00f3i s\u1eb5n, d\u1ec5 h\u00f2a tr\u1ed9n v\u00e0 thi c\u00f4ng.<\/li>\n<li>Ch\u1ea5t l\u01b0\u1ee3ng ch\u1ed1ng th\u1ea5m tuy\u1ec7t v\u1eddi..<\/li>\n<li>B\u00e1m d\u00ednh t\u1ed1t v\u1edbi c\u00e1c v\u1eadt li\u1ec7u kh\u00e1c nh\u01b0: b\u00ea t\u00f4ng, t\u01b0\u1eddng g\u1ea1ch, g\u1ea1ch men, th\u1ea1ch cao, th\u00e9p, kim lo\u1ea1i m\u1ea1 k\u1ebdm, \u0111\u1ed3ng, PVC\u2026<\/li>\n<li>M\u00e0ng d\u1ebbo, kh\u1ea3 n\u0103ng l\u1ea5p v\u1ebft n\u1ee9t ch\u00e2n t\u00f3c.<\/li>\n<li>Ch\u1ed1ng m\u00f4i tr\u01b0\u1eddng s\u01b0\u01a1ng gi\u00e1 v\u00e0 x\u00e2m th\u1ef1c mu\u1ed1i.<\/li>\n<li>Kh\u00f4ng ch\u1ee9a clorua ho\u1eb7c mu\u1ed1i \u0103n m\u00f2n kh\u00e1c g\u00e2y s\u1ef1 bay h\u01a1i.<\/li>\n<li>Kh\u00f4ng ch\u1ee9a ch\u1ea5t \u0111\u1ed9c h\u1ea1i.<\/li>\n<li>C\u00f3 th\u1ec3 thi c\u00f4ng tr\u00ean n\u1ec1n \u1ea9m.<\/li>\n<\/ul>\n<p><strong>Chu\u1ea9n b\u1ecb b\u1ec1 m\u1eb7t thi c\u00f4ng<\/strong><\/p>\n<p>B\u1ec1 m\u1eb7t thi c\u00f4ng ph\u1ea3i s\u1ea1ch, kh\u00f4ng d\u00ednh v\u1eefa, b\u1ed9t xi m\u1eb7ng, b\u1ee5i ho\u1eb7c d\u1ea7u, m\u1ee1, n\u1ea5m m\u1ed1c, ch\u1ea5t b\u1ea3o d\u01b0\u1ee1ng ho\u1eb7c c\u00e1c ch\u1ea5t kh\u00e1c \u1ea3nh h\u01b0\u1edfng \u0111\u1ebfn \u0111\u1ed9 b\u00e1m d\u00ednh s\u1ea3n ph\u1ea9m.<\/p>\n<p>B\u1ec1 m\u1eb7t b\u00ea t\u00f4ng ph\u1ea3i \u0111\u01b0\u1ee3c tr\u00e1m ph\u1eb3ng. B\u1ec1 m\u1eb7t b\u00ea t\u00f4ng b\u1ecb r\u1ed5, bong tr\u00f3c ho\u1eb7c b\u1ecb ph\u00e1 h\u1ee7y ph\u1ea3i \u0111\u01b0\u1ee3c s\u1eeda ch\u1eefa b\u1eb1ng h\u1ec7 th\u1ed1ng s\u1eeda ch\u1eefa c\u1ee7a QUICSEAL.<\/p>\n<p>C\u1ea7n s\u1eed d\u1ee5ng v\u1eefa tr\u00e1m tr\u00e9t c\u00e1c khu v\u1ef1c g\u00f3c c\u1ea1nh c\u1ee7a c\u1ea5u ki\u1ec7n c\u1ea7n ch\u1ed1ng th\u1ea5m. Khu v\u1ef1c ch\u00e2n t\u01b0\u1eddng c\u0169ng ph\u1ea3i \u0111\u01b0\u1ee3c tr\u00e1m tr\u00e9t.<\/p>\n<p>Qu\u00e1 tr\u00ecnh thi c\u00f4ng, m\u00e0ng ch\u1ed1ng th\u1ea5m c\u00f3 th\u1ec3 thi c\u00f4ng tr\u00ean c\u00e1c b\u1ec1 m\u1eb7t \u1ea9m, nh\u01b0ng kh\u00f4ng \u0111\u01b0\u1ee3c \u0111\u1ec3 b\u1ec1 m\u1eb7t thi c\u00f4ng b\u1ecb \u0111\u1ecdng n\u01b0\u1edbc.<\/p>\n<p><strong>H\u01b0\u1edbng d\u1eabn c\u00e1ch h\u00f2a tr\u1ed9n<\/strong><\/p>\n<p>Cho ph\u1ea7n A (d\u1ea1ng l\u1ecfng) v\u00e0o trong th\u00f9ng ch\u1ee9a s\u1ea1ch. T\u1eeb t\u1eeb cho ph\u1ea7n B (d\u1ea1ng b\u1ed9t) v\u00e0o th\u00f9ng ch\u1ee9a v\u00e0 s\u1eed d\u1ee5ng m\u00e1y tr\u1ed9n v\u1edbi t\u1ed1c \u0111\u1ed9 th\u1ea5p, tr\u1ed9n \u0111\u1ec1u 2 th\u00e0nh ph\u1ea7n \u0111\u1ebfn khi kh\u00f4ng c\u00f2n v\u00f3n c\u1ee5c. Cho ph\u00e9p qu\u00e1 tr\u00ecnh tr\u1ed9n ng\u1eebng trong 5 ph\u00fat v\u00e0 tr\u1ed9n \u0111\u1ec1u l\u1ea1i tr\u01b0\u1edbc khi s\u1eed d\u1ee5ng. S\u1eed d\u1ee5ng v\u1eadt li\u1ec7u trong th\u1eddi gian 45 ph\u00fat sau khi tr\u1ed9n.<\/p>\n<p><strong>Thi c\u00f4ng<\/strong><\/p>\n<p>\u0110\u1ed1i v\u1edbi c\u00e1c b\u1ec1 m\u1eb7t n\u1eb1m ngang, th\u1eb3ng \u0111\u1ee9ng, s\u1eed d\u1ee5ng c\u1ecd ho\u1eb7c rul\u00f4 thi c\u00f4ng. C\u1ea7n s\u1eed d\u1ee5ng c\u1ea9n th\u1eadn \u0111\u1ec3 \u0111\u1ea3m b\u1ea3o kh\u00f4ng c\u00f3 b\u1ecdt kh\u00ed trong m\u00e0ng.<\/p>\n<p>Qu\u00e9t m\u1ed9t l\u1edbp\u00a0<strong>quicseal 104s<\/strong>\u00a0th\u1ee9 nh\u1ea5t, sau \u0111\u00f3 \u0111\u1ec3 kh\u00f4, \u0111\u1ed3ng th\u1eddi \u0111\u1ea3m b\u1ea3o t\u1ea5t c\u1ea3 c\u00e1c m\u1ed1i n\u1ed1i, ch\u00e2n t\u01b0\u1eddng \u0111\u1ec1u \u0111\u01b0\u1ee3c ph\u1ee7 k\u00edn, n\u00ean d\u00f9ng c\u1ecd \u0111\u1ec3 qu\u00e9t cho m\u1ed1i n\u1ed1i v\u00e0 ch\u00e2n t\u01b0\u1eddng. Sau khi m\u00e0ng \u0111\u1ec3 kh\u00f4 kho\u1ea3ng 2 gi\u1edd th\u00ec ti\u1ebfp t\u1ee5c qu\u00e9t l\u1edbp th\u1ee9 hai.<\/p>\n<p>Sau khi \u0111\u00e3 \u0111\u00f3ng r\u1eafn, c\u00e1n l\u1edbp v\u1eefa b\u1ea3o v\u1ec7 m\u00e0ng\u00a0<strong>quicseal 104s\u00a0<\/strong>c\u00e0ng s\u1edbm c\u00e0ng t\u1ed1t. C\u1ea7n b\u1ea3o v\u1ec7 m\u00e0ng kh\u00f4ng b\u1ecb h\u01b0 h\u1ecfng trong qu\u00e1 tr\u00ecnh \u0111\u00f3ng r\u1eafn v\u00e0 trong qu\u00e1 tr\u00ecnh c\u00e1n v\u1eefa b\u1ea3o v\u1ec7.<\/p>\n<p><strong>\u0110\u00f3ng g\u00f3i v\u00e0 \u0111\u1ecbnh m\u1ee9c<\/strong><\/p>\n<p><strong>Quicseal 104s<\/strong>\u00a0\u0111\u01b0\u1ee3c \u0111\u00f3ng g\u00f3i 40 kg\/ b\u1ed9 &#8211; 18kg\/b\u1ed9<\/p>\n<p>\u0110\u1ecbnh m\u1ee9c : 0.75 kg\/m2\/l\u1edbp<\/p>\n<p>(X\u1ea5p x\u1ec9 1,5 &#8211; 1,6 kg\/m2 \u00e1p d\u1ee5ng cho 2 l\u1edbp l\u00e0 ph\u00f9 h\u1ee3p theo y\u00eau c\u1ea7u, v\u00e0 t\u00f9y thu\u1ed9c v\u00e0o \u0111i\u1ec1u ki\u1ec7n thi c\u00f4ng).<\/p>\n<p>B\u1ec1 d\u00e0y c\u1ee7a l\u1edbp qu\u00e9t : 0.70 + 0.1 mm m\u1ed7i l\u1edbp.<\/p>\n","protected":false},"excerpt":{"rendered":"<p>Quicseal 104s\u00a0l\u00e0 s\u1ea3n ph\u1ea9m\u00a0m\u00e0ng ch\u1ed1ng th\u1ea5m g\u1ed1c xi m\u0103ng hai th\u00e0nh ph\u1ea7n\u00a0bao g\u1ed3m nh\u1ef1a t\u1ed5ng h\u1ee3p pha tr\u1ed9n v\u1edbi h\u1ed7n h\u1ee3p xi m\u0103ng \u0111\u01b0\u1ee3c ch\u1ecdn l\u1ecdc v\u00e0 c\u00e1c ch\u1ea5t ph\u1ee5 gia cao c\u1ea5p kh\u00e1c. Khi \u0111\u01b0\u1ee3c tr\u1ed9n,\u00a0quicseal 104s\u00a0tr\u1edf th\u00e0nh h\u1ed7n h\u1ee3p v\u1eefa m\u1ecbn v\u00e0 d\u1ec5\u00a0d\u00e0ng thi c\u00f4ng b\u1eb1ng c\u1ecd, ru l\u00f4 ho\u1eb7c c\u00e1c thi\u1ebft b\u1ecb [&#8230;]\n","protected":false},"featured_media":467,"comment_status":"open","ping_status":"closed","template":"","meta":[],"product_cat":[70],"product_tag":[],"class_list":{"0":"post-465","1":"product","2":"type-product","3":"status-publish","4":"has-post-thumbnail","6":"product_cat-quicseal","8":"first","9":"instock","10":"shipping-taxable","11":"product-type-simple"},"_links":{"self":[{"href":"http:\/\/www.chongthamtruongson.vn\/index.php?rest_route=\/wp\/v2\/product\/465","targetHints":{"allow":["GET"]}}],"collection":[{"href":"http:\/\/www.chongthamtruongson.vn\/index.php?rest_route=\/wp\/v2\/product"}],"about":[{"href":"http:\/\/www.chongthamtruongson.vn\/index.php?rest_route=\/wp\/v2\/types\/product"}],"replies":[{"embeddable":true,"href":"http:\/\/www.chongthamtruongson.vn\/index.php?rest_route=%2Fwp%2Fv2%2Fcomments&post=465"}],"wp:featuredmedia":[{"embeddable":true,"href":"http:\/\/www.chongthamtruongson.vn\/index.php?rest_route=\/wp\/v2\/media\/467"}],"wp:attachment":[{"href":"http:\/\/www.chongthamtruongson.vn\/index.php?rest_route=%2Fwp%2Fv2%2Fmedia&parent=465"}],"wp:term":[{"taxonomy":"product_cat","embeddable":true,"href":"http:\/\/www.chongthamtruongson.vn\/index.php?rest_route=%2Fwp%2Fv2%2Fproduct_cat&post=465"},{"taxonomy":"product_tag","embeddable":true,"href":"http:\/\/www.chongthamtruongson.vn\/index.php?rest_route=%2Fwp%2Fv2%2Fproduct_tag&post=465"}],"curies":[{"name":"wp","href":"https:\/\/api.w.org\/{rel}","templated":true}]}}